= 178 - 93. Let x(m) = 25*m + 651. Let a be x(-24). What is the greatest common divisor of p and a?
17
Let z be 3/(-12) - (-25)/4. Let f = -626 - -445. Let o = -85 - f. What is the highest common factor of o and z?
6
Let g(q) be the third derivative of 53*q**4/24 - 6*q**3 + 81*q**2. Let r be g(4). Let t be 4/(-6)*(-23 - 1). What is the highest common factor of t and r?
16
Suppose 3*g + 1 = -3*c + 4*g, 2*c = 5*g - 5. Suppose 0 = d - 5, 2*d = -c*t + 3*t + 220. Let a = 115 + t. What is the greatest common factor of 30 and a?
15
Let w = -28 - -34. Suppose 3*r - 26*p - 128 = -30*p, -2*r - p = -92. Calculate the highest common divisor of w and r.
6
Let r(y) = 3*y**3 + y**2 + y - 6. Let f(t) = t**2 - 11*t - 310. Let j be f(24). Let p be r(j). Calculate the highest common factor of p and 300.
12
Let z be 1*10 + 0/1. Suppose 2*a - 860 = -76*b + 71*b, -335 = -2*b + a. What is the highest common divisor of b and z?
10
Let a(g) = g**3 - 10*g**2 + 18*g - 138. Let o be a(10). What is the greatest common divisor of o and 14574?
42
Suppose 2*j - 82 = 5*s, 5*j - 188 = 2*s + 2*s. Suppose 630 = -15*b + 29*b. Let d(l) = -9*l + 413. Let m be d(b). Calculate the highest common factor of j and m.
4
Suppose 156*l - 194*l + 2656 = -1942. What is the greatest common factor of l and 10527?
121
Let g(c) = 542*c - 72. Let v be g(1). What is the highest common factor of v and 40?
10
Let m = -12570 + 12675. What is the highest common divisor of 21 and m?
21
Let h = -225 - -240. Suppose t - 45 = -0*f - 4*f, -f = -5*t + h. What is the highest common divisor of 70 and f?
10
Let o be (431 - (-3)/(12/(-8))) + 2. Suppose -6 = 2*b, 4*b - 856 = -4*h - 128. Suppose 7*s - o - h = 0. What is the greatest common divisor of s and 11?
11
Let z = 43 + -38. Suppose -5*o + 4*p = -38, 0 = z*o - 3*o - 3*p - 18. Suppose 3*c - 30 - o = 0. Calculate the highest common divisor of c and 84.
12
Let h(p) = -p**3 - 5*p**2 + 59*p + 332. Let r be h(-7). What is the highest common divisor of 119 and r?
17
Suppose -d + 3236 = -5*g, 2*g - 6432 = -2*d + 4*g. What is the highest common divisor of d and 19?
19
Let i(n) = n**3 - 21*n**2 + 15*n + 497. Let x be i(19). Suppose -3*b = -5*t + 88 + 3, -2*t - 4*b = -52. What is the greatest common divisor of x and t?
20
Suppose -18*a + 75 = -13*a. Let p be (-4)/(40/a)*(-8)/3. Let v = 21 - p. What is the greatest common divisor of 51 and v?
17
Let y = 36169 - 27733. What is the greatest common factor of 592 and y?
148
Let r be 64/28 - 3/21*2. Let n be 4/(-12)*(-15 + 4 + r). Calculate the greatest common factor of n and 1.
1
Let v(t) = t**3 - 7*t**2 - t - 3. Let l be v(9). Suppose l = -2*u + 4*u. Suppose 42 = f - u. What is the highest common factor of 13 and f?
13
Let g(k) be the second derivative of 0 - 5/6*k**4 - 4*k - 7/6*k**3 - 1/20*k**5 + 5/2*k**2. Let y be g(-10). Calculate the highest common factor of 15 and y.
15
Let f = 5084 - 4944. What is the highest common divisor of 406 and f?
14
Let q(x) be the second derivative of -x**5/20 + 7*x**4/12 + 3*x**3/2 + 2*x**2 - 2*x - 1. Let m be q(8). What is the greatest common divisor of m and 24?
12
Suppose 239*z - 6458 = -5226 + 9284. Calculate the greatest common divisor of 9713 and z.
11
Let f(z) = 2*z**2 - 63*z - 34. Let a be f(32). Let d be a*(3 - 189/18). Calculate the greatest common divisor of 125 and d.
5
Let m be 384*-14*174/(-336). What is the highest common divisor of m and 2610?
174
Let w(g) = -158*g + 16706. Let h be w(98). What is the greatest common divisor of h and 235?
47
Let z = -1281 + 1381. What is the greatest common factor of 3950 and z?
50
Suppose 49442 = 51*a + 18*a - 60958. Calculate the greatest common factor of a and 704.
64
Let k(o) = 4*o**2 - 13*o - 273. Let b be k(-16). What is the highest common divisor of b and 411?
137
Let q(n) = -2*n**3 + 4*n**2 + 18*n + 63. Let c be q(-5). Calculate the greatest common factor of c and 102.
17
Let b = -4 + 6. Suppose -b*q + 18 = -22. Let l(o) = -3*o**2 - 42*o + 1181. Let w be l(14). Calculate the highest common divisor of w and q.
5
Let i be 646/3 + 4/(-12). Let n be (-2)/(i/(-71) + 3). Let x = 86 - n. Calculate the highest common divisor of x and 60.
15
Let w = -452 + 844. Let l be (567/18)/(3/28). Calculate the greatest common factor of w and l.
98
Let o be -1*1 + (-2 - -31). Let q = 87779 + -87775. What is the highest common factor of q and o?
4
Suppose -91*r = -158*r + 84*r - 3604. What is the highest common factor of r and 1325?
53
Let b be (-4 - (-14)/(-4))/((-18)/408). Let l = -167 + b. What is the highest common factor of l and 7?
1
Suppose 0 = -4*d - 225*i + 230*i + 37, -5*i + 71 = 2*d. What is the highest common divisor of 2778 and d?
6
Let g(k) be the third derivative of -35*k**4/24 - 88*k**3/3 + 105*k**2. Let d be g(-6). Calculate the greatest common divisor of 17 and d.
17
Let w(h) = -40*h - 12. Let x be w(-3). Let j = x + -56. Let t = 34 + -21. What is the greatest common factor of j and t?
13
Let b be (1550/(-3))/(-10) + 8/6. Let w = -37 + b. Calculate the highest common divisor of w and 128.
16
Let a(h) = -1213*h - 609. Let w be a(-3). Calculate the highest common factor of w and 90.
30
Let d be (6 - (-82)/6) + 2/(-3). Suppose d*l + 3 = 20*l. Let o(x) = 8*x - 10. Let q be o(l). What is the greatest common divisor of q and 154?
14
Suppose 2*d + 5*a = 12, 5*d + 4*a - 3*a = 30. Let l be (7 + 2 - d) + 0/2. Let s be (-2 + 2/(-2))*-4. Calculate the highest common factor of l and s.
3
Let m = -681 - -687. Let y(t) = -35*t + 279. Let w be y(m). Calculate the greatest common factor of w and 115.
23
Suppose 4145 = 21*m + 428. Suppose -5*j + 4*b + 21 = -m, 4*b = 2*j - 72. Calculate the highest common divisor of j and 273.
21
Suppose 196*u - 6294 - 20673 = -10857 + 22110. Let a = 749 + -398. Calculate the greatest common factor of u and a.
39
Suppose r - 18 = 3*r, -4*w + 56211 = 5*r. Calculate the highest common factor of w and 72.
24
Let z = 3196 - 3152. Calculate the greatest common factor of z and 528.
44
Let k(g) = -525*g + 3. Let c be k(-1). Suppose 0 = -10*r - r + c. What is the greatest common divisor of 216 and r?
24
Let a(u) = -u**3 - 10*u**2 - 19*u - 19. Suppose -2*r + 44 = -5*c, 17 = -4*c - 3*r - 9. Let w be a(c). What is the highest common divisor of w and 55?
5
Let z(t) = -4*t + 72. Let s be z(-32). What is the greatest common divisor of 40 and s?
40
Let d be (-12)/2 + (3/4)/((-3)/(-2328)). What is the highest common factor of 6 and d?
6
Let i be ((4 + 0)*3)/(12 + -10). Calculate the highest common divisor of 12 and i.
6
Let s = 22975 - 17850. What is the greatest common factor of s and 625?
125
Let q be (240/(-9))/(-1*(261/(-27) - -10)). Calculate the greatest common divisor of q and 736.
16
Let j be (2 - -2 - 0)/((-2)/(-36)). Suppose 4*i - 468 = j. What is the highest common divisor of 189 and i?
27
Suppose -145 = -3*b + 5*q, 0*b + 5*q = -2*b + 55. Suppose -50 = 6*d + b. Let r = d + 67. Calculate the highest common factor of r and 13.
13
Let h(f) = f**3 + 21*f**2 + 34*f - 52. Let x be h(-19). Suppose -2*b + x = 6*g - 5*g, -12 = 3*g. What is the highest common factor of b and 98?
14
Let r(y) = 8 - 19*y + 0 + 6. Let o be r(-6). Suppose 8*j - o = 1752. What is the highest common divisor of j and 94?
47
Let r be (19/(-190))/((-3)/30). Let o be 97 + r - (2 + -3). Let x = -16 + 27. Calculate the greatest common factor of x and o.
11
Suppose -2*t - 247 = 31. Let a = t + 153. Calculate the highest common factor of 42 and a.
14
Let l = -2144 - -2150. Calculate the greatest common factor of 762 and l.
6
Suppose 454*i + 541*i - 10945 = 0. Let w be 1/(-4) - 6/8. Let f be (22/(-2))/(w*1). What is the greatest common divisor of i and f?
11
Let o(t) = -50*t + 1300. Let z be o(22). Let h be (-1)/(-1) + 151 + -2. What is the highest common divisor of h and z?
50
Suppose 0 = -n + 2*n - 264. Let p = 164 - 164. Suppose p = 15*i - 10*i + x - 123, -2*x = -6. Calculate the highest common divisor of n and i.
24
Let a = 140 + -136. Suppose 694 = 2*j - 5*l, 0 = 18*j - 22*j - a*l + 1360. Calculate the greatest common factor of j and 152.
38
Let i = -2973 - -3027. Let x be (1*-18)/(1/(-1)). What is the greatest common divisor of x and i?
18
Suppose 2853*s - 2841*s = 264. What is the greatest common factor of s and 6446?
22
Suppose 5*w - 2*r - 11 = 0, 2*w - 